{"id":31313,"date":"2021-04-15T10:53:44","date_gmt":"2021-04-15T08:53:44","guid":{"rendered":"http:\/\/metalco-mobiliar.cz\/prodotto\/frank\/"},"modified":"2024-01-11T13:49:18","modified_gmt":"2024-01-11T12:49:18","slug":"frank","status":"publish","type":"product","link":"https:\/\/metalco-mobiliar.cz\/en\/prodotti-en\/frank\/","title":{"rendered":"FRANK"},"content":{"rendered":"<p>Collection of modular seats, shaped as hexagonal pouf made of HPC (High Performance Concrete), partially emptied inside. Two versions, with or without backrest in HPC (High Performance Concrete), are available. The seats can be installed individually or in composition.<\/p>\n<p><strong>Fixing:<\/strong> Freestanding<\/p>\n<p><strong>Accessories:<\/strong> LED lighting<\/p>\n<p><strong>Dimensions and weight:<\/strong><br \/>\n1350&#215;1350 mm H 845 mm h 470 mm<br \/>\nwith backrest 838&nbsp;kg<br \/>\nwithout backrest 715&nbsp;kg<\/p>\n","protected":false},"excerpt":{"rendered":"<p>Collection of modular seats, shaped as hexagonal pouf made of HPC (High Performance Concrete), partially emptied inside. Two versions, with or without backrest in HPC (High Performance Concrete), are available. The seats can be installed individually or in composition. Fixing: Freestanding Accessories: LED lighting Dimensions and weight: 1350&#215;1350 mm H 845 mm h 470 mm [&hellip;]<\/p>\n","protected":false},"featured_media":31299,"comment_status":"closed","ping_status":"closed","template":"","meta":{"_acf_changed":false},"product_cat":[882,345],"product_tag":[],"class_list":{"0":"post-31313","1":"product","2":"type-product","3":"status-publish","4":"has-post-thumbnail","6":"product_cat-molecular-concrete-en","7":"product_cat-seats-benches","8":"pa_designers-massimo-tasca-en","9":"pa_material-hpc","10":"collezioni-stile-en","11":"catalogo-catalogue-stile-2025","13":"first","14":"instock","15":"shipping-taxable","16":"product-type-simple"},"acf":[],"yoast_head":"<!-- This site is optimized with the Yoast SEO plugin v23.2 - https:\/\/yoast.com\/wordpress\/plugins\/seo\/ -->\n<title>FRANK - Metalco Mobiliar<\/title>\n<meta name=\"robots\" content=\"index, follow, max-snippet:-1, max-image-preview:large, max-video-preview:-1\" \/>\n<link rel=\"canonical\" href=\"https:\/\/metalco-mobiliar.cz\/en\/prodotti-en\/frank\/\" \/>\n<meta property=\"og:locale\" content=\"en_US\" \/>\n<meta property=\"og:type\" content=\"article\" \/>\n<meta property=\"og:title\" content=\"FRANK - Metalco Mobiliar\" \/>\n<meta property=\"og:description\" content=\"Collection of modular seats, shaped as hexagonal pouf made of HPC (High Performance Concrete), partially emptied inside. Two versions, with or without backrest in HPC (High Performance Concrete), are available. The seats can be installed individually or in composition. Fixing: Freestanding Accessories: LED lighting Dimensions and weight: 1350&#215;1350 mm H 845 mm h 470 mm [&hellip;]\" \/>\n<meta property=\"og:url\" content=\"https:\/\/metalco-mobiliar.cz\/en\/prodotti-en\/frank\/\" \/>\n<meta property=\"og:site_name\" content=\"Metalco Mobiliar\" \/>\n<meta property=\"article:modified_time\" content=\"2024-01-11T12:49:18+00:00\" \/>\n<meta property=\"og:image\" content=\"https:\/\/metalco-mobiliar.cz\/news\/wp-content\/uploads\/2021\/04\/sezen\u00ed_FRANK.png\" \/>\n\t<meta property=\"og:image:width\" content=\"600\" \/>\n\t<meta property=\"og:image:height\" content=\"600\" \/>\n\t<meta property=\"og:image:type\" content=\"image\/png\" \/>\n<script type=\"application\/ld+json\" class=\"yoast-schema-graph\">{\"@context\":\"https:\/\/schema.org\",\"@graph\":[{\"@type\":\"WebPage\",\"@id\":\"https:\/\/metalco-mobiliar.cz\/en\/prodotti-en\/frank\/\",\"url\":\"https:\/\/metalco-mobiliar.cz\/en\/prodotti-en\/frank\/\",\"name\":\"FRANK - Metalco Mobiliar\",\"isPartOf\":{\"@id\":\"https:\/\/metalco-mobiliar.cz\/#website\"},\"primaryImageOfPage\":{\"@id\":\"https:\/\/metalco-mobiliar.cz\/en\/prodotti-en\/frank\/#primaryimage\"},\"image\":{\"@id\":\"https:\/\/metalco-mobiliar.cz\/en\/prodotti-en\/frank\/#primaryimage\"},\"thumbnailUrl\":\"https:\/\/metalco-mobiliar.cz\/news\/wp-content\/uploads\/2021\/04\/sezen\u00ed_FRANK.png\",\"datePublished\":\"2021-04-15T08:53:44+00:00\",\"dateModified\":\"2024-01-11T12:49:18+00:00\",\"breadcrumb\":{\"@id\":\"https:\/\/metalco-mobiliar.cz\/en\/prodotti-en\/frank\/#breadcrumb\"},\"inLanguage\":\"en-US\",\"potentialAction\":[{\"@type\":\"ReadAction\",\"target\":[\"https:\/\/metalco-mobiliar.cz\/en\/prodotti-en\/frank\/\"]}]},{\"@type\":\"ImageObject\",\"inLanguage\":\"en-US\",\"@id\":\"https:\/\/metalco-mobiliar.cz\/en\/prodotti-en\/frank\/#primaryimage\",\"url\":\"https:\/\/metalco-mobiliar.cz\/news\/wp-content\/uploads\/2021\/04\/sezen\u00ed_FRANK.png\",\"contentUrl\":\"https:\/\/metalco-mobiliar.cz\/news\/wp-content\/uploads\/2021\/04\/sezen\u00ed_FRANK.png\",\"width\":600,\"height\":600,\"caption\":\"sezen\u00ed polygon\"},{\"@type\":\"BreadcrumbList\",\"@id\":\"https:\/\/metalco-mobiliar.cz\/en\/prodotti-en\/frank\/#breadcrumb\",\"itemListElement\":[{\"@type\":\"ListItem\",\"position\":1,\"name\":\"Home\",\"item\":\"https:\/\/metalco-mobiliar.cz\/en\/\"},{\"@type\":\"ListItem\",\"position\":2,\"name\":\"FRANK\"}]},{\"@type\":\"WebSite\",\"@id\":\"https:\/\/metalco-mobiliar.cz\/#website\",\"url\":\"https:\/\/metalco-mobiliar.cz\/\",\"name\":\"Metalco \u2013 m\u011bstsk\u00fd mobili\u00e1\u0159\",\"description\":\"M\u011bstsk\u00fd mobili\u00e1\u0159 Metalco\",\"potentialAction\":[{\"@type\":\"SearchAction\",\"target\":{\"@type\":\"EntryPoint\",\"urlTemplate\":\"https:\/\/metalco-mobiliar.cz\/?s={search_term_string}\"},\"query-input\":\"required name=search_term_string\"}],\"inLanguage\":\"en-US\"}]}<\/script>\n<!-- \/ Yoast SEO plugin. -->","yoast_head_json":{"title":"FRANK - Metalco Mobiliar","robots":{"index":"index","follow":"follow","max-snippet":"max-snippet:-1","max-image-preview":"max-image-preview:large","max-video-preview":"max-video-preview:-1"},"canonical":"https:\/\/metalco-mobiliar.cz\/en\/prodotti-en\/frank\/","og_locale":"en_US","og_type":"article","og_title":"FRANK - Metalco Mobiliar","og_description":"Collection of modular seats, shaped as hexagonal pouf made of HPC (High Performance Concrete), partially emptied inside. Two versions, with or without backrest in HPC (High Performance Concrete), are available. The seats can be installed individually or in composition. Fixing: Freestanding Accessories: LED lighting Dimensions and weight: 1350&#215;1350 mm H 845 mm h 470 mm [&hellip;]","og_url":"https:\/\/metalco-mobiliar.cz\/en\/prodotti-en\/frank\/","og_site_name":"Metalco Mobiliar","article_modified_time":"2024-01-11T12:49:18+00:00","og_image":[{"width":600,"height":600,"url":"https:\/\/metalco-mobiliar.cz\/news\/wp-content\/uploads\/2021\/04\/sezen\u00ed_FRANK.png","type":"image\/png"}],"schema":{"@context":"https:\/\/schema.org","@graph":[{"@type":"WebPage","@id":"https:\/\/metalco-mobiliar.cz\/en\/prodotti-en\/frank\/","url":"https:\/\/metalco-mobiliar.cz\/en\/prodotti-en\/frank\/","name":"FRANK - Metalco Mobiliar","isPartOf":{"@id":"https:\/\/metalco-mobiliar.cz\/#website"},"primaryImageOfPage":{"@id":"https:\/\/metalco-mobiliar.cz\/en\/prodotti-en\/frank\/#primaryimage"},"image":{"@id":"https:\/\/metalco-mobiliar.cz\/en\/prodotti-en\/frank\/#primaryimage"},"thumbnailUrl":"https:\/\/metalco-mobiliar.cz\/news\/wp-content\/uploads\/2021\/04\/sezen\u00ed_FRANK.png","datePublished":"2021-04-15T08:53:44+00:00","dateModified":"2024-01-11T12:49:18+00:00","breadcrumb":{"@id":"https:\/\/metalco-mobiliar.cz\/en\/prodotti-en\/frank\/#breadcrumb"},"inLanguage":"en-US","potentialAction":[{"@type":"ReadAction","target":["https:\/\/metalco-mobiliar.cz\/en\/prodotti-en\/frank\/"]}]},{"@type":"ImageObject","inLanguage":"en-US","@id":"https:\/\/metalco-mobiliar.cz\/en\/prodotti-en\/frank\/#primaryimage","url":"https:\/\/metalco-mobiliar.cz\/news\/wp-content\/uploads\/2021\/04\/sezen\u00ed_FRANK.png","contentUrl":"https:\/\/metalco-mobiliar.cz\/news\/wp-content\/uploads\/2021\/04\/sezen\u00ed_FRANK.png","width":600,"height":600,"caption":"sezen\u00ed polygon"},{"@type":"BreadcrumbList","@id":"https:\/\/metalco-mobiliar.cz\/en\/prodotti-en\/frank\/#breadcrumb","itemListElement":[{"@type":"ListItem","position":1,"name":"Home","item":"https:\/\/metalco-mobiliar.cz\/en\/"},{"@type":"ListItem","position":2,"name":"FRANK"}]},{"@type":"WebSite","@id":"https:\/\/metalco-mobiliar.cz\/#website","url":"https:\/\/metalco-mobiliar.cz\/","name":"Metalco \u2013 m\u011bstsk\u00fd mobili\u00e1\u0159","description":"M\u011bstsk\u00fd mobili\u00e1\u0159 Metalco","potentialAction":[{"@type":"SearchAction","target":{"@type":"EntryPoint","urlTemplate":"https:\/\/metalco-mobiliar.cz\/?s={search_term_string}"},"query-input":"required name=search_term_string"}],"inLanguage":"en-US"}]}},"_links":{"self":[{"href":"https:\/\/metalco-mobiliar.cz\/en\/wp-json\/wp\/v2\/product\/31313"}],"collection":[{"href":"https:\/\/metalco-mobiliar.cz\/en\/wp-json\/wp\/v2\/product"}],"about":[{"href":"https:\/\/metalco-mobiliar.cz\/en\/wp-json\/wp\/v2\/types\/product"}],"replies":[{"embeddable":true,"href":"https:\/\/metalco-mobiliar.cz\/en\/wp-json\/wp\/v2\/comments?post=31313"}],"wp:featuredmedia":[{"embeddable":true,"href":"https:\/\/metalco-mobiliar.cz\/en\/wp-json\/wp\/v2\/media\/31299"}],"wp:attachment":[{"href":"https:\/\/metalco-mobiliar.cz\/en\/wp-json\/wp\/v2\/media?parent=31313"}],"wp:term":[{"taxonomy":"product_cat","embeddable":true,"href":"https:\/\/metalco-mobiliar.cz\/en\/wp-json\/wp\/v2\/product_cat?post=31313"},{"taxonomy":"product_tag","embeddable":true,"href":"https:\/\/metalco-mobiliar.cz\/en\/wp-json\/wp\/v2\/product_tag?post=31313"}],"curies":[{"name":"wp","href":"https:\/\/api.w.org\/{rel}","templated":true}]}}

<!-- This site is optimized with the Yoast SEO plugin v23.2 - https://yoast.com/wordpress/plugins/seo/ -->
<title>FRANK - Metalco Mobiliar</title>
<meta name="robots" content="index, follow, max-snippet:-1, max-image-preview:large, max-video-preview:-1" />
<link rel="canonical" href="https://metalco-mobiliar.cz/en/prodotti-en/frank/" />
<meta property="og:locale" content="en_US" />
<meta property="og:type" content="article" />
<meta property="og:title" content="FRANK - Metalco Mobiliar" />
<meta property="og:description" content="Collection of modular seats, shaped as hexagonal pouf made of HPC (High Performance Concrete), partially emptied inside. Two versions, with or without backrest in HPC (High Performance Concrete), are available. The seats can be installed individually or in composition. Fixing: Freestanding Accessories: LED lighting Dimensions and weight: 1350&#215;1350 mm H 845 mm h 470 mm [&hellip;]" />
<meta property="og:url" content="https://metalco-mobiliar.cz/en/prodotti-en/frank/" />
<meta property="og:site_name" content="Metalco Mobiliar" />
<meta property="article:modified_time" content="2024-01-11T12:49:18+00:00" />
<meta property="og:image" content="https://metalco-mobiliar.cz/news/wp-content/uploads/2021/04/sezení_FRANK.png" />
	<meta property="og:image:width" content="600" />
	<meta property="og:image:height" content="600" />
	<meta property="og:image:type" content="image/png" />
<script type="application/ld+json" class="yoast-schema-graph">{"@context":"https://schema.org","@graph":[{"@type":"WebPage","@id":"https://metalco-mobiliar.cz/en/prodotti-en/frank/","url":"https://metalco-mobiliar.cz/en/prodotti-en/frank/","name":"FRANK - Metalco Mobiliar","isPartOf":{"@id":"https://metalco-mobiliar.cz/#website"},"primaryImageOfPage":{"@id":"https://metalco-mobiliar.cz/en/prodotti-en/frank/#primaryimage"},"image":{"@id":"https://metalco-mobiliar.cz/en/prodotti-en/frank/#primaryimage"},"thumbnailUrl":"https://metalco-mobiliar.cz/news/wp-content/uploads/2021/04/sezení_FRANK.png","datePublished":"2021-04-15T08:53:44+00:00","dateModified":"2024-01-11T12:49:18+00:00","breadcrumb":{"@id":"https://metalco-mobiliar.cz/en/prodotti-en/frank/#breadcrumb"},"inLanguage":"en-US","potentialAction":[{"@type":"ReadAction","target":["https://metalco-mobiliar.cz/en/prodotti-en/frank/"]}]},{"@type":"ImageObject","inLanguage":"en-US","@id":"https://metalco-mobiliar.cz/en/prodotti-en/frank/#primaryimage","url":"https://metalco-mobiliar.cz/news/wp-content/uploads/2021/04/sezení_FRANK.png","contentUrl":"https://metalco-mobiliar.cz/news/wp-content/uploads/2021/04/sezení_FRANK.png","width":600,"height":600,"caption":"sezení polygon"},{"@type":"BreadcrumbList","@id":"https://metalco-mobiliar.cz/en/prodotti-en/frank/#breadcrumb","itemListElement":[{"@type":"ListItem","position":1,"name":"Home","item":"https://metalco-mobiliar.cz/en/"},{"@type":"ListItem","position":2,"name":"FRANK"}]},{"@type":"WebSite","@id":"https://metalco-mobiliar.cz/#website","url":"https://metalco-mobiliar.cz/","name":"Metalco – městský mobiliář","description":"Městský mobiliář Metalco","potentialAction":[{"@type":"SearchAction","target":{"@type":"EntryPoint","urlTemplate":"https://metalco-mobiliar.cz/?s={search_term_string}"},"query-input":"required name=search_term_string"}],"inLanguage":"en-US"}]}</script>
<!-- / Yoast SEO plugin. -->

https://metalco-mobiliar.cz/news/wp-content/uploads/2021/04/sezení_FRANK.png

sezení polygon

Metalco – městský mobiliář

Městský mobiliář Metalco
